 highest common divisor of 112 and 29778?
14
What is the highest common factor of 8170323 and 798?
399
Calculate the greatest common divisor of 381 and 4029.
3
Calculate the highest common factor of 53 and 5404781.
53
What is the highest common divisor of 9 and 388719?
9
Calculate the greatest common factor of 119 and 3142093.
17
What is the highest common divisor of 169212 and 444?
12
Calculate the greatest common divisor of 5 and 19799.
1
What is the greatest common divisor of 72381 and 276?
69
Calculate the highest common factor of 600 and 3630.
30
What is the highest common divisor of 129 and 17661?
3
Calculate the greatest common factor of 9377250 and 375.
375
Calculate the greatest common factor of 80 and 1605680.
80
What is the greatest common factor of 155105 and 268?
67
Calculate the highest common factor of 153 and 200592.
9
Calculate the highest common divisor of 6 and 13966.
2
Calculate the greatest common divisor of 182315 and 14.
7
What is the greatest common divisor of 37380 and 3780?
420
Calculate the highest common factor of 51 and 184637.
17
What is the highest common divisor of 146 and 382?
2
What is the greatest common factor of 28090 and 130?
10
What is the greatest common divisor of 407 and 111?
37
Calculate the highest common divisor of 628 and 172.
4
What is the highest common factor of 67 and 16198255?
67
What is the highest common factor of 580180 and 20?
20
What is the greatest common factor of 5917 and 5238?
97
Calculate the highest common divisor of 230510 and 12580.
370
What is the greatest common factor of 11 and 4135384?
11
Calculate the greatest common factor of 4288 and 312768.
64
Calculate the greatest common factor of 60421 and 15318.
851
What is the highest common factor of 273 and 50841?
21
What is the greatest common factor of 124 and 2852?
124
Calculate the highest common divisor of 368754 and 246.
246
What is the greatest common divisor of 788160 and 120?
120
Calculate the greatest common factor of 1513 and 17221.
17
Calculate the highest common factor of 2728 and 2860.
44
What is the highest common divisor of 531 and 2169?
9
Calculate the highest common divisor of 33904 and 114100.
652
Calculate the highest common divisor of 3820 and 220.
20
Calculate the greatest common factor of 1477685 and 401.
401
Calculate the greatest common divisor of 64 and 506992.
16
What is the highest common factor of 7370 and 4708?
22
What is the greatest common divisor of 250 and 406625?
125
What is the greatest common factor of 1890 and 801045?
315
What is the highest common divisor of 2106 and 4374?
162
What is the greatest common factor of 1220 and 23668?
244
What is the highest common divisor of 5409741 and 417?
417
Calculate the greatest common factor of 63 and 48013.
7
What is the highest common divisor of 16323 and 51?
3
Calculate the greatest common divisor of 69 and 154951.
23
What is the greatest common divisor of 32768 and 32?
32
Calculate the highest common factor of 1026 and 6264.
54
What is the greatest common factor of 532194 and 3432?
78
Calculate the greatest common divisor of 54 and 42.
6
Calculate the greatest common divisor of 470925 and 3795.
345
What is the highest common factor of 3155 and 140082?
631
What is the greatest common factor of 1690645 and 165?
55
What is the greatest common divisor of 1485 and 25740?
495
What is the highest common divisor of 512 and 11160?
8
What is the highest common divisor of 2589 and 3?
3
What is the greatest common divisor of 32 and 580960?
32
What is the highest common factor of 18 and 43398?
18
What is the highest common factor of 165 and 5158890?
165
Calculate the highest common divisor of 239685 and 174.
87
Calculate the highest common factor of 1542 and 1485717.
771
Calculate the highest common factor of 361 and 3249.
361
Calculate the greatest common factor of 350 and 774550.
350
Calculate the greatest common divisor of 168 and 1041576.
24
What is the highest common factor of 44 and 50820?
44
What is the highest common divisor of 7944 and 54?
6
Calculate the highest common divisor of 13380 and 4733844.
2676
Calculate the greatest common divisor of 133028 and 14.
14
Calculate the greatest common factor of 64251 and 531.
531
What is the highest common factor of 7493 and 508?
127
What is the greatest common factor of 637 and 14504?
49
Calculate the greatest common factor of 1079808 and 152.
152
What is the greatest common factor of 4788 and 609?
21
Calculate the greatest common divisor of 325 and 1807.
13
Calculate the highest common divisor of 88 and 24134.
22
What is the highest common divisor of 344 and 146716?
172
Calculate the greatest common divisor of 87 and 216.
3
What is the greatest common factor of 2727 and 811939?
101
Calculate the greatest common factor of 1046 and 3515606.
1046
Calculate the greatest common factor of 6536 and 3956.
172
What is the highest common factor of 55216 and 42704?
272
Calculate the greatest common factor of 6764 and 6536.
76
Calculate the highest common factor of 245019 and 477.
159
Calculate the greatest common factor of 70 and 4463144.
14
Calculate the greatest common factor of 24 and 3261.
3
What is the greatest common divisor of 707 and 2525?
101
What is the highest common divisor of 406 and 36250?
58
Calculate the highest common divisor of 1055079 and 27.
27
What is the highest common factor of 4672 and 1387?
73
Calculate the greatest common divisor of 510 and 475150.
170
Calculate the greatest common factor of 3224 and 26.
26
Calculate the greatest common divisor of 19175 and 10679.
59
What is the greatest common factor of 36 and 93348?
36
Calculate the highest common divisor of 2698 and 722.
38
Calculate the greatest common divisor of 476 and 12988.
68
Calculate the highest common divisor of 141 and 143867.
47
What is the greatest common divisor of 67212 and 36?
36
What is the highest common divisor of 630 and 27630?
90
What is the greatest common factor of 1164 and 8484396?
1164
What is the greatest common divisor of 5500 and 132?
44
Calculate the greatest common factor of 11502 and 126948.
426
What is the greatest common divisor of 126 and 30156?
42
Calculate the greatest common factor of 6207941 and 17.
17
Calculate the greatest common divisor of 5979 and 48.
3
What is the highest common divisor of 54925 and 275?
25
What is the greatest common divisor of 560 and 11620?
140
Calculate the highest common factor of 534 and 33731.
89
Calculate the greatest common divisor of 69 and 2907223.
23
What is the greatest common factor of 4170011 and 1591?
1591
What is the highest common divisor of 106680 and 324?
12
Calculate the highest common divisor of 100 and 50300.
100
What is the greatest common divisor of 166181 and 1781?
137
Calculate the greatest common factor of 213 and 109056.
213
What is the highest common divisor of 170416 and 16?
16
Calculate the greatest common factor of 48507 and 85215.
1311
Calculate the greatest common factor of 213552 and 576.
144
What is the highest common factor of 12133 and 22?
11
What is the highest common divisor of 1475235 and 180?
45
Calculate the highest common factor of 22269 and 91.
13
Calculate the greatest common divisor of 575 and 2783.
23
What is the greatest common divisor of 60 and 4480?
20
Calculate the highest common factor of 575 and 4393.
23
Calculate the highest common divisor of 35 and 47887.
7
What is the highest common divisor of 21 and 1601?
1
Calculate the highest common factor of 8601 and 4209.
183
What is the greatest common factor of 122 and 236558?
122
Calculate the highest common divisor of 154 and 436876.
22
What is the highest common factor of 117925 and 53?
53
Calculate the greatest common factor of 53250 and 2911.
71
What is the highest common divisor of 198932 and 164?
164
Calculate the greatest common factor of 252 and 39508.
28
What is the highest common divisor of 592193 and 35?
7
What is the highest common factor of 252 and 14574?
42
Calculate the highest common factor of 335380 and 11480.
820
What is the greatest common divisor of 69 and 29808?
69
What is the highest common divisor of 15059 and 803?
11
Calculate the highest common divisor of 617099 and 43183.
1393
Calculate the greatest common factor of 157329 and 27.
27
Calculate the highest commo